{"id":91,"date":"2019-11-11T18:03:55","date_gmt":"2019-11-11T17:03:55","guid":{"rendered":"https:\/\/stormlogic.pl\/?page_id=91"},"modified":"2019-11-19T22:12:16","modified_gmt":"2019-11-19T21:12:16","slug":"budget-yourself-rich","status":"publish","type":"page","link":"https:\/\/stormlogic.pl\/english\/budget-yourself-rich","title":{"rendered":"Bugdet yourself rich"},"content":{"rendered":"<p>In most cases You don't have any savings and can't buy nice things for Yourself, because it is extremely hard to keep finance rigor.<\/p>\n\n\n\n<p>This app will help You plan your income and expenses thus allowing You to keep your finances under control and save some of Your income.<\/p>\n\n\n\n<p>For those that already know to plan their budget this is the tool of choice to make it as easy and reduce time needed for Your monthly finance plannings.<\/p>\n\n\n\n<center><div class=\"wp-block-image\"><figure class=\"aligncenter\"><figure><a href=\"https:\/\/play.google.com\/store\/apps\/details?id=com.miloszdobrowolski.icanbewealthy\" traget=\"_blank\"><img loading=\"lazy\" width=\"256\" height=\"256\" src=\"https:\/\/stormlogic.pl\/wp-content\/uploads\/2019\/09\/google-play-badge.png\" alt=\"\" class=\"wp-image-60\" srcset=\"https:\/\/stormlogic.pl\/wp-content\/uploads\/2019\/09\/google-play-badge.png 256w, https:\/\/stormlogic.pl\/wp-content\/uploads\/2019\/09\/google-play-badge-150x150.png 150w, https:\/\/stormlogic.pl\/wp-content\/uploads\/2019\/09\/google-play-badge-100x100.png 100w\" sizes=\"(max-width: 256px) 100vw, 256px\" \/><\/a><\/figure><\/figure><\/div><\/center>\n\n\n\n<ul class=\"wp-block-gallery columns-3 is-cropped\"><li class=\"blocks-gallery-item\"><figure><img loading=\"lazy\" width=\"576\" height=\"1024\" src=\"https:\/\/stormlogic.pl\/wp-content\/uploads\/2019\/11\/account_details-576x1024.png\" alt=\"\" data-id=\"98\" data-link=\"https:\/\/stormlogic.pl\/budget-yourself-rich\/account_details\" class=\"wp-image-98\" srcset=\"https:\/\/stormlogic.pl\/wp-content\/uploads\/2019\/11\/account_details-576x1024.png 576w, https:\/\/stormlogic.pl\/wp-content\/uploads\/2019\/11\/account_details-169x300.png 169w, https:\/\/stormlogic.pl\/wp-content\/uploads\/2019\/11\/account_details-768x1365.png 768w, https:\/\/stormlogic.pl\/wp-content\/uploads\/2019\/11\/account_details.png 1440w\" sizes=\"(max-width: 576px) 100vw, 576px\" \/><\/figure><\/li><li class=\"blocks-gallery-item\"><figure><img loading=\"lazy\" width=\"576\" height=\"1024\" src=\"https:\/\/stormlogic.pl\/wp-content\/uploads\/2019\/11\/acounts_list-576x1024.png\" alt=\"\" data-id=\"99\" data-link=\"https:\/\/stormlogic.pl\/budget-yourself-rich\/acounts_list\" class=\"wp-image-99\" srcset=\"https:\/\/stormlogic.pl\/wp-content\/uploads\/2019\/11\/acounts_list-576x1024.png 576w, https:\/\/stormlogic.pl\/wp-content\/uploads\/2019\/11\/acounts_list-169x300.png 169w, https:\/\/stormlogic.pl\/wp-content\/uploads\/2019\/11\/acounts_list-768x1365.png 768w, https:\/\/stormlogic.pl\/wp-content\/uploads\/2019\/11\/acounts_list.png 1440w\" sizes=\"(max-width: 576px) 100vw, 576px\" \/><\/figure><\/li><li class=\"blocks-gallery-item\"><figure><img loading=\"lazy\" width=\"576\" height=\"1024\" src=\"https:\/\/stormlogic.pl\/wp-content\/uploads\/2019\/11\/budget-576x1024.png\" alt=\"\" data-id=\"100\" data-link=\"https:\/\/stormlogic.pl\/budget-yourself-rich\/budget\" class=\"wp-image-100\" srcset=\"https:\/\/stormlogic.pl\/wp-content\/uploads\/2019\/11\/budget-576x1024.png 576w, https:\/\/stormlogic.pl\/wp-content\/uploads\/2019\/11\/budget-169x300.png 169w, https:\/\/stormlogic.pl\/wp-content\/uploads\/2019\/11\/budget-768x1365.png 768w, https:\/\/stormlogic.pl\/wp-content\/uploads\/2019\/11\/budget.png 1440w\" sizes=\"(max-width: 576px) 100vw, 576px\" \/><\/figure><\/li><li class=\"blocks-gallery-item\"><figure><img loading=\"lazy\" width=\"576\" height=\"1024\" src=\"https:\/\/stormlogic.pl\/wp-content\/uploads\/2019\/11\/homepage-576x1024.png\" alt=\"\" data-id=\"101\" data-link=\"https:\/\/stormlogic.pl\/budget-yourself-rich\/homepage\" class=\"wp-image-101\" srcset=\"https:\/\/stormlogic.pl\/wp-content\/uploads\/2019\/11\/homepage-576x1024.png 576w, https:\/\/stormlogic.pl\/wp-content\/uploads\/2019\/11\/homepage-169x300.png 169w, https:\/\/stormlogic.pl\/wp-content\/uploads\/2019\/11\/homepage-768x1365.png 768w, https:\/\/stormlogic.pl\/wp-content\/uploads\/2019\/11\/homepage.png 1440w\" sizes=\"(max-width: 576px) 100vw, 576px\" \/><\/figure><\/li><li class=\"blocks-gallery-item\"><figure><img loading=\"lazy\" width=\"576\" height=\"1024\" src=\"https:\/\/stormlogic.pl\/wp-content\/uploads\/2019\/11\/menu-576x1024.png\" alt=\"\" data-id=\"102\" data-link=\"https:\/\/stormlogic.pl\/budget-yourself-rich\/menu\" class=\"wp-image-102\" srcset=\"https:\/\/stormlogic.pl\/wp-content\/uploads\/2019\/11\/menu-576x1024.png 576w, https:\/\/stormlogic.pl\/wp-content\/uploads\/2019\/11\/menu-169x300.png 169w, https:\/\/stormlogic.pl\/wp-content\/uploads\/2019\/11\/menu-768x1365.png 768w, https:\/\/stormlogic.pl\/wp-content\/uploads\/2019\/11\/menu.png 1440w\" sizes=\"(max-width: 576px) 100vw, 576px\" \/><\/figure><\/li><li class=\"blocks-gallery-item\"><figure><img loading=\"lazy\" width=\"576\" height=\"1024\" src=\"https:\/\/stormlogic.pl\/wp-content\/uploads\/2019\/11\/reports-576x1024.png\" alt=\"\" data-id=\"103\" data-link=\"https:\/\/stormlogic.pl\/budget-yourself-rich\/reports\" class=\"wp-image-103\" srcset=\"https:\/\/stormlogic.pl\/wp-content\/uploads\/2019\/11\/reports-576x1024.png 576w, https:\/\/stormlogic.pl\/wp-content\/uploads\/2019\/11\/reports-169x300.png 169w, https:\/\/stormlogic.pl\/wp-content\/uploads\/2019\/11\/reports-768x1365.png 768w, https:\/\/stormlogic.pl\/wp-content\/uploads\/2019\/11\/reports.png 1440w\" sizes=\"(max-width: 576px) 100vw, 576px\" \/><\/figure><\/li><li class=\"blocks-gallery-item\"><figure><img loading=\"lazy\" width=\"576\" height=\"1024\" src=\"https:\/\/stormlogic.pl\/wp-content\/uploads\/2019\/11\/transaction_details-576x1024.png\" alt=\"\" data-id=\"104\" data-link=\"https:\/\/stormlogic.pl\/budget-yourself-rich\/transaction_details\" class=\"wp-image-104\" srcset=\"https:\/\/stormlogic.pl\/wp-content\/uploads\/2019\/11\/transaction_details-576x1024.png 576w, https:\/\/stormlogic.pl\/wp-content\/uploads\/2019\/11\/transaction_details-169x300.png 169w, https:\/\/stormlogic.pl\/wp-content\/uploads\/2019\/11\/transaction_details-768x1365.png 768w, https:\/\/stormlogic.pl\/wp-content\/uploads\/2019\/11\/transaction_details.png 1440w\" sizes=\"(max-width: 576px) 100vw, 576px\" \/><\/figure><\/li><li class=\"blocks-gallery-item\"><figure><img loading=\"lazy\" width=\"576\" height=\"1024\" src=\"https:\/\/stormlogic.pl\/wp-content\/uploads\/2019\/11\/transaction_list-576x1024.png\" alt=\"\" data-id=\"105\" data-link=\"https:\/\/stormlogic.pl\/budget-yourself-rich\/transaction_list\" class=\"wp-image-105\" srcset=\"https:\/\/stormlogic.pl\/wp-content\/uploads\/2019\/11\/transaction_list-576x1024.png 576w, https:\/\/stormlogic.pl\/wp-content\/uploads\/2019\/11\/transaction_list-169x300.png 169w, https:\/\/stormlogic.pl\/wp-content\/uploads\/2019\/11\/transaction_list-768x1365.png 768w, https:\/\/stormlogic.pl\/wp-content\/uploads\/2019\/11\/transaction_list.png 1440w\" sizes=\"(max-width: 576px) 100vw, 576px\" \/><\/figure><\/li><\/ul>","protected":false},"excerpt":{"rendered":"<p>W wi\u0119kszo\u015bci przypadk\u00f3w nie masz od\u0142o\u017conych pieni\u0119dzy i nie mo\u017cesz sobie kupi\u0107 przyjemnych rzeczy poniewa\u017c utrzymywanie rygoru finansowego jest niezwyk\u0142e trudne. Ta aplikacja pomo\u017ce Ci zaplanowa\u0107 Twoje dochody i wydatki (czyli bud\u017cetowa\u0107 !) pomagaj\u0105c Ci w ten spos\u00f3b utrzyma\u0107 kontrol\u0119 nad finansami i u\u0142atwi\u0107 oszcz\u0119dzanie. Dla tych, kt\u00f3rzy ju\u017c wiedz\u0105 jak planowa\u0107 sw\u00f3j bud\u017cet stanowi &hellip; <\/p>\n<p class=\"link-more\"><a href=\"https:\/\/stormlogic.pl\/english\/budget-yourself-rich\" class=\"more-link\">Continue reading<span class=\"screen-reader-text\"> &#8222;Zabud\u017cetuj sobie bogactwo&#8221;<\/span><\/a><\/p>","protected":false},"author":1,"featured_media":95,"parent":0,"menu_order":0,"comment_status":"closed","ping_status":"closed","template":"","meta":[],"_links":{"self":[{"href":"https:\/\/stormlogic.pl\/english\/wp-json\/wp\/v2\/pages\/91"}],"collection":[{"href":"https:\/\/stormlogic.pl\/english\/wp-json\/wp\/v2\/pages"}],"about":[{"href":"https:\/\/stormlogic.pl\/english\/wp-json\/wp\/v2\/types\/page"}],"author":[{"embeddable":true,"href":"https:\/\/stormlogic.pl\/english\/wp-json\/wp\/v2\/users\/1"}],"replies":[{"embeddable":true,"href":"https:\/\/stormlogic.pl\/english\/wp-json\/wp\/v2\/comments?post=91"}],"version-history":[{"count":2,"href":"https:\/\/stormlogic.pl\/english\/wp-json\/wp\/v2\/pages\/91\/revisions"}],"predecessor-version":[{"id":106,"href":"https:\/\/stormlogic.pl\/english\/wp-json\/wp\/v2\/pages\/91\/revisions\/106"}],"wp:featuredmedia":[{"embeddable":true,"href":"https:\/\/stormlogic.pl\/english\/wp-json\/wp\/v2\/media\/95"}],"wp:attachment":[{"href":"https:\/\/stormlogic.pl\/english\/wp-json\/wp\/v2\/media?parent=91"}],"curies":[{"name":"wp","href":"https:\/\/api.w.org\/{rel}","templated":true}]}}